{"id":17,"date":"2009-08-28T11:37:46","date_gmt":"2009-08-28T09:37:46","guid":{"rendered":"http:\/\/lehrgemeinschaft-kreuzberg.de\/?page_id=17"},"modified":"2023-09-19T22:33:12","modified_gmt":"2023-09-19T20:33:12","slug":"der-lehrabend","status":"publish","type":"page","link":"http:\/\/lehrgemeinschaft-kreuzberg.de\/?page_id=17","title":{"rendered":"Lehrabend"},"content":{"rendered":"<div align=\"justify\">Der Lehrabend der LG-Kreuzberg findet immer am 4. Dienstag im Monat statt. Veranstalltungsort ist der kleine Ballsaal auf dem Vereinsgel\u00e4nde von Berolina Stralau, Persiusstra\u00dfe, 10245 Berlin. Am besten ist der Veranstaltungsort \u00fcber den Bus 347 (Haltestelle Persiusstr.), die Ringbahn (Haltestelle Ostkreuz) oder die U1 (Haltestelle U Warschauer Stra\u00dfe) zu erreichen. Der Lehrabend beginnt in der Regel 18:30 Uhr.<\/div>\n<p>&nbsp;<br \/>\n<center><br \/>\n<iframe src=\"https:\/\/www.google.com\/maps\/embed?pb=!1m18!1m12!1m3!1d2428.7364383397976!2d13.459318712741005!3d52.50201034079885!2m3!1f0!2f0!3f0!3m2!1i1024!2i768!4f13.1!3m3!1m2!1s0x47a84ef87a6ac391%3A0x3a618248895dcdaf!2sFSV%20Berolina%20Stralau%201901%20e.V.!5e0!3m2!1sde!2sde!4v1695155302304!5m2!1sde!2sde\" width=\"600\" height=\"450\" style=\"border:0;\" allowfullscreen=\"\" loading=\"lazy\" referrerpolicy=\"no-referrer-when-downgrade\"><\/iframe><br \/>\n<small><a href=\"https:\/\/maps.app.goo.gl\/12podPnCqzZumdhs6\" style=\"color:#0000FF;text-align:left\">Gr\u00f6\u00dfere Kartenansicht (Google Maps)<\/a><\/small><br \/>\n<\/center><br \/>\n&nbsp;<\/p>\n<div align=\"justify\">Neben einem aktuellen Lehrthema findet sich auch immer Zeit \u00fcber Erlebnisse auf dem Spielfeld, Regelfragen oder \u00e4hnliches zu diskutieren.<\/div>\n<p>&nbsp;<\/p>\n","protected":false},"excerpt":{"rendered":"<p>Der Lehrabend der LG-Kreuzberg findet immer am 4. Dienstag im Monat statt. Veranstalltungsort ist der kleine Ballsaal auf dem Vereinsgel\u00e4nde von Berolina Stralau, Persiusstra\u00dfe, 10245 Berlin. Am besten ist der Veranstaltungsort \u00fcber den Bus 347 (Haltestelle Persiusstr.), die Ringbahn (Haltestelle Ostkreuz) oder die U1 (Haltestelle U Warschauer Stra\u00dfe) zu erreichen. &#8230;<\/p>\n","protected":false},"author":1,"featured_media":0,"parent":0,"menu_order":1,"comment_status":"closed","ping_status":"closed","template":"","meta":[],"_links":{"self":[{"href":"http:\/\/lehrgemeinschaft-kreuzberg.de\/index.php?rest_route=\/wp\/v2\/pages\/17"}],"collection":[{"href":"http:\/\/lehrgemeinschaft-kreuzberg.de\/index.php?rest_route=\/wp\/v2\/pages"}],"about":[{"href":"http:\/\/lehrgemeinschaft-kreuzberg.de\/index.php?rest_route=\/wp\/v2\/types\/page"}],"author":[{"embeddable":true,"href":"http:\/\/lehrgemeinschaft-kreuzberg.de\/index.php?rest_route=\/wp\/v2\/users\/1"}],"replies":[{"embeddable":true,"href":"http:\/\/lehrgemeinschaft-kreuzberg.de\/index.php?rest_route=%2Fwp%2Fv2%2Fcomments&post=17"}],"version-history":[{"count":22,"href":"http:\/\/lehrgemeinschaft-kreuzberg.de\/index.php?rest_route=\/wp\/v2\/pages\/17\/revisions"}],"predecessor-version":[{"id":787,"href":"http:\/\/lehrgemeinschaft-kreuzberg.de\/index.php?rest_route=\/wp\/v2\/pages\/17\/revisions\/787"}],"wp:attachment":[{"href":"http:\/\/lehrgemeinschaft-kreuzberg.de\/index.php?rest_route=%2Fwp%2Fv2%2Fmedia&parent=17"}],"curies":[{"name":"wp","href":"https:\/\/api.w.org\/{rel}","templated":true}]}}